6.
2, 3, 31
What are the prime factors of 34708?
2, 8677
What are the prime factors of 3080150?
2, 5, 61603
List the prime factors of 642452.
2, 61, 2633
What are the prime factors of 268333?
13, 20641
What are the prime factors of 569631?
3, 189877
List the prime factors of 162227.
13, 12479
What are the prime factors of 2786605?
5, 557321
What are the prime factors of 4623850?
2, 5, 7, 11, 1201
What are the prime factors of 214625?
5, 17, 101
List the prime factors of 6395918.
2, 41, 77999
What are the prime factors of 24749384?
2, 11, 281243
What are the prime factors of 5102883?
3, 566987
List the prime factors of 2116457.
7, 47, 919
What are the prime factors of 10541401?
13, 773, 1049
List the prime factors of 414705.
3, 5, 27647
List the prime factors of 558741.
3, 186247
List the prime factors of 39048.
2, 3, 1627
List the prime factors of 24782126.
2, 829, 14947
List the prime factors of 3080594.
2, 11, 31, 4517
What are the prime factors of 181406?
2, 90703
List the prime factors of 7923968.
2, 13, 2381
List the prime factors of 938976.
2, 3, 9781
List the prime factors of 1997074.
2, 998537
List the prime factors of 538275.
3, 5, 7177
List the prime factors of 1889084.
2, 193, 2447
What are the prime factors of 219669?
3, 37, 1979
List the prime factors of 1581837.
3, 31, 73, 233
List the prime factors of 313032.
2, 3, 13043
List the prime factors of 605279.
191, 3169
What are the prime factors of 398128?
2, 149, 167
List the prime factors of 15221652.
2, 3, 37, 34283
List the prime factors of 17173.
13, 1321
What are the prime factors of 25282955?
5, 5056591
What are the prime factors of 332595?
3, 5, 19, 389
List the prime factors of 419876.
2, 37, 2837
What are the prime factors of 8519?
7, 1217
List the prime factors of 19707016.
2, 7, 50273
List the prime factors of 155705.
5, 11, 19, 149
What are the prime factors of 463037?
67, 6911
What are the prime factors of 133953?
3, 44651
List the prime factors of 1561975.
5, 43, 1453
What are the prime factors of 260853?
3, 86951
What are the prime factors of 1773035?
5, 11, 32237
List the prime factors of 729448.
2, 19, 4799
List the prime factors of 228169.
401, 569
What are the prime factors of 52271?
167, 313
List the prime factors of 7900839.
3, 877871
What are the prime factors of 428881?
23, 29, 643
List the prime factors of 4742107.
4742107
List the prime factors of 364347.
3, 40483
List the prime factors of 328846.
2, 7, 83, 283
List the prime factors of 4762007.
1721, 2767
What are the prime factors of 17525?
5, 701
List the prime factors of 293794.
2, 17, 8641
What are the prime factors of 635754?
2, 3, 7, 15137
What are the prime factors of 20875807?
37, 107, 5273
List the prime factors of 2364249.
3, 673, 1171
What are the prime factors of 8614746?
2, 3, 7, 68371
List the prime factors of 813231.
3, 90359
List the prime factors of 545944.
2, 7, 9749
List the prime factors of 9799285.
5, 1959857
List the prime factors of 21856220.
2, 5, 17, 64283
List the prime factors of 328404.
2, 3, 27367
What are the prime factors of 3426594?
2, 3, 571099
List the prime factors of 4945127.
11, 449557
What are the prime factors of 5175686?
2, 353, 7331
List the prime factors of 1991711.
61, 103, 317
List the prime factors of 3951234.
2, 3, 7, 10453
What are the prime factors of 649006?
2, 324503
List the prime factors of 2236189.
2236189
List the prime factors of 509251.
313, 1627
List the prime factors of 5511858.
2, 3, 11, 23, 3631
List the prime factors of 1477946.
2, 17, 2557
List the prime factors of 12163484.
2, 83, 36637
What are the prime factors of 4719357?
3, 103, 1697
List the prime factors of 254607.
3, 84869
What are the prime factors of 224734?
2, 313, 359
List the prime factors of 274129.
467, 587
What are the prime factors of 1999166?
2, 13, 17, 4523
What are the prime factors of 232109?
232109
List the prime factors of 2818503.
3, 139, 751
What are the prime factors of 1163025?
3, 5, 1723
List the prime factors of 10480438.
2, 19, 389, 709
What are the prime factors of 5576233?
13, 37, 11593
List the prime factors of 1358187.
3, 401, 1129
List the prime factors of 55837.
55837
List the prime factors of 6104012.
2, 71, 21493
What are the prime factors of 4259?
4259
What are the prime factors of 8135707?
17, 478571
List the prime factors of 17312430.
2, 3, 5, 577081
What are the prime factors of 10505343?
3, 3501781
What are the prime factors of 320231?
179, 1789
List the prime factors of 2939513.
31, 94823
List the prime factors of 6935.
5, 19, 73
List the prime factors of 897793.
13, 69061
List the prime factors of 4407037.
1889, 2333
List the prime factors of 8134955.
5, 43, 157, 241
List the prime factors of 7711509.
3, 13, 23, 8597
What are the prime factors of 5164479?
3, 53, 401
List the prime factors of 936679.
936679
List the prime factors of 494578.
2, 7, 35327
List the prime factors of 764301.
3, 107, 2381
List the prime factors of 363206.
2, 181603
List the prime factors of 577665.
3, 5, 11, 389
List the prime factors of 235375.
5, 7, 269
What are the prime factors of 97060?
2, 5, 23, 211
List the prime factors of 714546.
2, 3, 7, 53, 107
What are the prime factors of 16163296?
2, 23, 21961
What are the prime factors of 14871846?
2, 3, 11, 23, 97, 101
What are the prime factors of 4587178?
2, 17, 134917
List the prime factors of 178627.
178627
List the prime factors of 2297570.
2, 5, 11, 20887
List the prime factors of 266623.
7, 41, 929
List the prime factors of 224728.
2, 7, 4013
List the prime factors of 2711175.
3, 5, 37, 977
What are the prime factors of 145694?
2, 97, 751
List the prime factors of 4750450.
2, 5, 95009
List the prime factors of 508082.
2, 254041
List the prime factors of 150304.
2, 7, 11, 61
List the prime factors of 2283983.
13, 175691
What are the prime factors of 1049992?
2, 131249
What are the prime factors of 1339584?
2, 3, 6977
What are the prime factors of 279148?
2, 19, 3673
What are the prime factors of 1753658?
2, 23, 67, 569
List the prime factors of 15105066.
2, 3, 23, 4759
List the prime factors of 9594935.
5, 7, 39163
List the prime factors of 184343.
83, 2221
What are the prime factors of 756808?
2, 13, 19, 383
What are the prime factors of 265381?
265381
What are the prime factors of 161517?
3, 17, 3167
List the prime factors of 23729253.
3, 7909751
List the prime factors of 6780182.
2, 3390091
What are the prime factors of 9741869?
457, 21317
What are the prime factors of 341477?
341477
What are the prime factors of 716723?
7, 14627
What are the prime factors of 5519971?
211, 26161
What are the prime factors of 14769?
3, 547
List the prime factors of 6622683.
3, 2207561
What are the prime factors of 1022234?
2, 59, 8663
List the prime factors of 6076494.
2, 3, 337583
List the prime factors of 196346.
2, 19, 5167
What are the prime factors of 1371756?
2, 3, 79, 1447
List the prime factors of 399762.
2, 3, 11, 673
List the prime factors of 752526.
2, 3, 97, 431
What are the prime factors of 1959915?
3, 5, 193, 677
What are the prime factors of 95653?
41, 2333
What are the prime factors of 328771?
163, 2017
List the prime factors of 132618.
2, 3, 23, 31
What are the prime factors of 7157252?
2, 61, 29333
List the prime factors of 2122376.
2, 19, 13963
What are the prime factors of 1591891?
7, 71, 3203
List the prime factors of 59953.
167, 359
List the prime factors of 12093300.
2, 3, 5, 1493
What are the prime factors of 85226?
2, 43, 991
List the prime factors of 25939964.
2, 179, 36229
List the prime factors of 32662410.
2, 3, 5, 11, 29, 3413
List the prime factors of 26112657.
3, 8704219
What are the prime factors of 12641080?
2, 5, 19, 16633
What are the prime factors of 1810102?
2, 7, 129293
List the prime factors of 15157466.
2, 7578733
List the prime factors of 1496831.
7, 213833
List the prime factors of 256136.
2, 101, 317
List the prime factors of 39652.
2, 23, 431
What are the prime factors of 7745666?
2, 3872833
List the prime factors of 18857814.
2, 3, 3142969
List the prime factors of 1576070.
2, 5, 17, 73, 127
List the prime factors of 10276.
2, 7, 367
List the prime factors of 5017421.
193, 25997
List the prime factors of 4186185.
3, 5, 73, 3823
What are the prime factors of 702941?
109, 6449
List the pr